common divisor of 221 and 13039?
221
Calculate the greatest common factor of 65405 and 13462.
127
Calculate the highest common divisor of 1688 and 105922.
422
What is the greatest common divisor of 290 and 9976?
58
Calculate the greatest common factor of 12027 and 399.
57
Calculate the greatest common divisor of 111021 and 69.
69
What is the greatest common factor of 162 and 298?
2
Calculate the highest common divisor of 70 and 8894130.
70
What is the greatest common divisor of 157840 and 640?
80
What is the greatest common factor of 1884 and 3293860?
628
Calculate the greatest common divisor of 1496371 and 58.
29
Calculate the greatest common divisor of 2345 and 1715.
35
What is the greatest common factor of 320 and 16200?
40
What is the greatest common divisor of 140 and 8660?
20
Calculate the greatest common divisor of 469607 and 2238.
373
What is the highest common divisor of 79101 and 2448?
153
What is the greatest common divisor of 493149 and 267?
267
What is the greatest common divisor of 41310 and 782?
34
Calculate the highest common factor of 9308 and 22.
2
Calculate the highest common factor of 56 and 381052.
28
What is the highest common divisor of 4042 and 470?
94
Calculate the greatest common divisor of 1260 and 48195.
315
Calculate the highest common divisor of 6 and 215454.
6
Calculate the highest common divisor of 1498 and 9630.
214
Calculate the greatest common factor of 6093 and 8801.
677
Calculate the highest common factor of 2587248 and 10017.
1431
What is the highest common divisor of 477871 and 316?
79
Calculate the greatest common divisor of 492 and 644643.
123
What is the highest common divisor of 1668 and 138?
6
What is the greatest common factor of 30 and 126195?
15
Calculate the highest common divisor of 51 and 364667.
17
What is the highest common divisor of 336 and 31794?
42
What is the highest common factor of 264 and 26422?
22
Calculate the greatest common factor of 21204 and 570.
114
What is the greatest common divisor of 271 and 3906194?
271
Calculate the greatest common divisor of 26422 and 572.
22
Calculate the greatest common divisor of 201 and 191151.
201
Calculate the highest common divisor of 434792 and 68.
68
Calculate the greatest common divisor of 1817666 and 796.
398
What is the highest common divisor of 305380 and 980?
20
Calculate the greatest common divisor of 5128 and 3176.
8
Calculate the highest common divisor of 56 and 68971.
7
Calculate the highest common factor of 5 and 429665.
5
Calculate the greatest common factor of 429 and 12309.
33
What is the greatest common divisor of 15219 and 2622?
57
Calculate the highest common factor of 128206 and 1950.
26
Calculate the greatest common factor of 7279 and 24849.
251
Calculate the highest common divisor of 48237 and 2037.
21
Calculate the greatest common divisor of 10457629 and 637.
637
Calculate the highest common divisor of 98829 and 42951.
417
What is the greatest common factor of 61 and 124928?
61
Calculate the highest common factor of 20178 and 11628.
342
What is the highest common factor of 32571 and 1645?
329
Calculate the greatest common factor of 3640 and 929320.
280
What is the highest common factor of 89999 and 43?
43
Calculate the highest common divisor of 889 and 538607.
127
Calculate the greatest common factor of 9288 and 3139.
43
Calculate the highest common divisor of 127571 and 249.
83
Calculate the greatest common divisor of 549 and 1738683.
549
Calculate the greatest common factor of 979 and 407.
11
What is the highest common divisor of 575321 and 556?
139
Calculate the highest common divisor of 162 and 25794.
18
Calculate the highest common factor of 507420 and 20.
20
Calculate the highest common divisor of 87989 and 5052.
421
Calculate the greatest common divisor of 1495 and 8590270.
1495
Calculate the greatest common divisor of 2576 and 89424.
368
Calculate the highest common factor of 175 and 92425.
25
What is the greatest common divisor of 48 and 1708144?
16
What is the highest common divisor of 227300 and 12?
4
What is the highest common factor of 7 and 132293?
7
What is the greatest common factor of 14880 and 2670?
30
Calculate the greatest common divisor of 684 and 7164.
36
Calculate the greatest common factor of 6 and 271.
1
What is the greatest common factor of 20838 and 46?
46
What is the greatest common divisor of 118 and 116289?
59
Calculate the highest common factor of 70143 and 17025.
681
What is the highest common factor of 994 and 1834?
14
Calculate the greatest common factor of 185 and 21625.
5
Calculate the greatest common factor of 7768 and 14.
2
What is the highest common factor of 2288 and 12181?
13
Calculate the greatest common divisor of 14865 and 420.
15
Calculate the greatest common factor of 400986 and 9.
9
What is the highest common divisor of 455598 and 55?
11
Calculate the highest common divisor of 287 and 231609.
287
Calculate the greatest common factor of 80 and 24760.
40
What is the greatest common divisor of 909 and 12735999?
909
What is the greatest common divisor of 991714 and 46?
46
Calculate the greatest common factor of 15811 and 776.
97
Calculate the greatest common factor of 5580 and 123070.
310
What is the highest common factor of 328752 and 1056?
48
What is the greatest common factor of 13527 and 1336?
167
Calculate the greatest common divisor of 12448 and 22173.
389
Calculate the highest common factor of 4345 and 2475.
55
Calculate the highest common factor of 231 and 191751.
21
What is the greatest common divisor of 709 and 3791023?
709
Calculate the highest common divisor of 5280 and 7590.
330
What is the greatest common divisor of 5595 and 75945?
15
Calculate the highest common factor of 420 and 843276.
84
What is the greatest common factor of 82064 and 1338?
446
What is the highest common divisor of 4660 and 59182?
466
What is the highest common factor of 73033 and 734?
367
What is the greatest common divisor of 7348 and 12?
4
What is the highest common divisor of 105 and 255?
15
Calculate the greatest common factor of 2930 and 3210.
10
What is the highest common divisor of 3878256 and 16?
16
Calculate the highest common factor of 13068 and 6696.
108
Calculate the greatest common divisor of 3876 and 7296.
228
Calculate the highest common factor of 16731 and 156.
39
What is the greatest common factor of 348 and 33234?
174
What is the greatest common divisor of 15847 and 28249?
689
Calculate the highest common divisor of 11462 and 6809.
11
Calculate the highest common divisor of 47250 and 1470.
210
What is the highest common factor of 10 and 2835440?
10
What is the highest common divisor of 67540 and 60?
20
What is the highest common divisor of 448362 and 15162?
2166
Calculate the greatest common factor of 759 and 209829.
69
Calculate the greatest common divisor of 34 and 652154.
34
What is the greatest common factor of 2129149 and 11?
11
Calculate the highest common factor of 1479 and 3567.
87
Calculate the greatest common factor of 4475 and 225.
25
Calculate the highest common divisor of 16647 and 682.
31
What is the highest common divisor of 80 and 3580?
20
What is the greatest common factor of 770 and 767910?
110
What is the greatest common factor of 10940 and 50?
10
Calculate the greatest common factor of 45 and 1095.
15
Calculate the highest common factor of 28721 and 715.
11
Calculate the highest common factor of 28997 and 136313.
271
What is the highest common factor of 11 and 9443115?
11
Calculate the greatest common factor of 1261 and 24347.
97
What is the greatest common factor of 26486 and 76?
38
What is the highest common factor of 379 and 2653?
379
Calculate the greatest common factor of 817 and 28177.
19
What is the greatest common factor of 90 and 126495?
45
What is the highest common factor of 25987 and 195?
13
What is the highest common factor of 675 and 29225?
25
Calculate the greatest common divisor of 60 and 1954692.
12
What is the highest common divisor of 5370381 and 27?
27
Calculate the greatest common divisor of 11 and 1923724.
11
Calculate the highest common divisor of 158961 and 165.
33
Calculate the highest common divisor of 13176 and 864.
216
Calculate the highest common factor of 5670 and 17685.
135
What is the greatest common factor of 10637855 and 1